{"id":1633,"date":"2023-06-14T11:02:57","date_gmt":"2023-06-14T16:02:57","guid":{"rendered":"https:\/\/biomedicals.com.co\/?post_type=product&#038;p=1633"},"modified":"2023-09-12T14:14:41","modified_gmt":"2023-09-12T19:14:41","slug":"punta-para-scaler-varios-550-escarificacion-ref-g8-nsk","status":"publish","type":"product","link":"https:\/\/biomedicals.com.co\/index.php\/producto\/punta-para-scaler-varios-550-escarificacion-ref-g8-nsk\/","title":{"rendered":"Puntas Para Scaler o Cavitr\u00f3n"},"content":{"rendered":"<p><strong>&#8211; Punta de Cavitron \u2013 Dentsply<\/strong><\/p>\n<p>FSI insertos de spray enfocado con canal de agua patentado, dirige el spray para favorecer la limpieza. Un aerosol centrado del inserto permite al practicante una visi\u00f3n m\u00e1s clara de la zona de trabajo y una experiencia del paciente m\u00e1s c\u00f3modo.<\/p>\n<p><strong>Ventajas<\/strong><\/p>\n<ul>\n<li>El inserto proporciona una mayor protecci\u00f3n contra la infecci\u00f3n cruzada.<\/li>\n<li>Estos instrumentos son para su uso con todas las unidades de escala ultras\u00f3nica cavitron.<\/li>\n<\/ul>\n<p><strong>Presentaci\u00f3n<\/strong><\/p>\n<p>1 Punta Cavitron<\/p>\n<p>&nbsp;<\/p>\n<p><strong>&#8211; Puntas Para Scaler <\/strong><\/p>\n<p>&#8211; Punta acero inoxidable autoclavable.<\/p>\n<p>&#8211; Diferentes referencias.<\/p>\n<p>&#8211; Conexi\u00f3n\u00a0de rosca.<\/p>\n<p>&#8211; Funciones principales \uff1a Elimina el c\u00e1lculo y las bacterias \u00a0supragingival, subgingival e interdental.<\/p>\n<p>-Precio por unidad.<\/p>\n","protected":false},"excerpt":{"rendered":"<p>Puntas para scaler hechas en acero inoxidable (diferentes referencias). Las puntas referencia T son compatibles con EMS y Mectron. Las puntas referencia S son compatibles con equipos Satelec y NSK.<\/p>\n","protected":false},"featured_media":3105,"comment_status":"open","ping_status":"closed","template":"","meta":[],"product_cat":[54],"product_tag":[],"acf":[],"aioseo_notices":[],"_links":{"self":[{"href":"https:\/\/biomedicals.com.co\/index.php\/wp-json\/wp\/v2\/product\/1633"}],"collection":[{"href":"https:\/\/biomedicals.com.co\/index.php\/wp-json\/wp\/v2\/product"}],"about":[{"href":"https:\/\/biomedicals.com.co\/index.php\/wp-json\/wp\/v2\/types\/product"}],"replies":[{"embeddable":true,"href":"https:\/\/biomedicals.com.co\/index.php\/wp-json\/wp\/v2\/comments?post=1633"}],"wp:featuredmedia":[{"embeddable":true,"href":"https:\/\/biomedicals.com.co\/index.php\/wp-json\/wp\/v2\/media\/3105"}],"wp:attachment":[{"href":"https:\/\/biomedicals.com.co\/index.php\/wp-json\/wp\/v2\/media?parent=1633"}],"wp:term":[{"taxonomy":"product_cat","embeddable":true,"href":"https:\/\/biomedicals.com.co\/index.php\/wp-json\/wp\/v2\/product_cat?post=1633"},{"taxonomy":"product_tag","embeddable":true,"href":"https:\/\/biomedicals.com.co\/index.php\/wp-json\/wp\/v2\/product_tag?post=1633"}],"curies":[{"name":"wp","href":"https:\/\/api.w.org\/{rel}","templated":true}]}}