{"id":2041,"date":"2023-06-16T15:43:00","date_gmt":"2023-06-16T20:43:00","guid":{"rendered":"https:\/\/biomedicals.com.co\/?post_type=product&#038;p=2041"},"modified":"2024-03-07T22:16:37","modified_gmt":"2024-03-08T03:16:37","slug":"unidad-odontologica-electrica-orion","status":"publish","type":"product","link":"https:\/\/biomedicals.com.co\/index.php\/producto\/unidad-odontologica-electrica-orion\/","title":{"rendered":"Unidad Odontol\u00f3gica El\u00e9ctrica Ori\u00f3n"},"content":{"rendered":"<p><strong>CARACTERISTICAS:\u00a0<\/strong><\/p>\n<p><strong>1. Base:<\/strong>\u00a0Estructura mediana con m\u00f3dulo de abastos para conexiones externas<\/p>\n<p><strong>2. M\u00f3dulo:<\/strong>\u00a0Campo de trabajo del profesional en odontolog\u00eda que consta de 4 servicios (2 de alta, baja y jeringa triple). En esta misma secci\u00f3n, se encuentra un panel digital (4 mandos) el cual permite la manipulaci\u00f3n del sill\u00f3n de la unidad.<\/p>\n<ul>\n<li>Sube y baja base.<\/li>\n<li>Sube y baja espaldar.<\/li>\n<\/ul>\n<p>Incluye: Dos algodoneras (2) y una bandeja met\u00e1lica en acero inoxidable quir\u00fargico.<\/p>\n<p><strong>3. Dispositivo sistema de succi\u00f3n (Escupidera):<\/strong><\/p>\n<ul>\n<li>Cuenta con un eyector de baja accionado por reguladora<\/li>\n<li>lava taza accionado por reguladora su estructura est\u00e1 elaborada en aluminio con una taza en porcelana color blanco. Adem\u00e1s, de la opci\u00f3n del llena vaso por regulador con un tanque de reserva.<\/li>\n<\/ul>\n<p><b>4. L\u00e1mpara:\u00a0<\/b>Elemento de fabricaci\u00f3n nacional, su estructura es Coll Rolled recubierta con pintura electrost\u00e1tica o polvo horneable y terminaci\u00f3n de sus partes en acero inoxidable. Su funci\u00f3n es brindar luz hal\u00f3gena de dos intensidades (alta y baja).<\/p>\n<p><em>Tambi\u00e9n disponible con los dise\u00f1os de nuestras l\u00e1mparas led.\u00a0<\/em><\/p>\n<p><b>5. Sill\u00f3n:<\/b>\u00a0Cuenta con un tapizado libre de costura, de brazos fijos y cabecera escualizable de doble articulaci\u00f3n para adultos y\/o ni\u00f1os. De igual forma, cuenta con un butaco para odont\u00f3logo con pist\u00f3n a gas. Color seg\u00fan preferencia.<\/p>\n","protected":false},"excerpt":{"rendered":"<p>Equipo con excelentes caracter\u00edsticas de funcionalidad , dise\u00f1o , calidad y ergonom\u00eda que permiten al odont\u00f3logo contar con tecnolog\u00eda , brindando confort y bienestar a sus pacientes.<\/p>\n<p>Unidad el\u00e9ctrica con m\u00f3dulo de abastos externo con luz hal\u00f3gena o led.<\/p>\n","protected":false},"featured_media":4739,"comment_status":"open","ping_status":"closed","template":"","meta":[],"product_cat":[71],"product_tag":[],"acf":[],"aioseo_notices":[],"_links":{"self":[{"href":"https:\/\/biomedicals.com.co\/index.php\/wp-json\/wp\/v2\/product\/2041"}],"collection":[{"href":"https:\/\/biomedicals.com.co\/index.php\/wp-json\/wp\/v2\/product"}],"about":[{"href":"https:\/\/biomedicals.com.co\/index.php\/wp-json\/wp\/v2\/types\/product"}],"replies":[{"embeddable":true,"href":"https:\/\/biomedicals.com.co\/index.php\/wp-json\/wp\/v2\/comments?post=2041"}],"wp:featuredmedia":[{"embeddable":true,"href":"https:\/\/biomedicals.com.co\/index.php\/wp-json\/wp\/v2\/media\/4739"}],"wp:attachment":[{"href":"https:\/\/biomedicals.com.co\/index.php\/wp-json\/wp\/v2\/media?parent=2041"}],"wp:term":[{"taxonomy":"product_cat","embeddable":true,"href":"https:\/\/biomedicals.com.co\/index.php\/wp-json\/wp\/v2\/product_cat?post=2041"},{"taxonomy":"product_tag","embeddable":true,"href":"https:\/\/biomedicals.com.co\/index.php\/wp-json\/wp\/v2\/product_tag?post=2041"}],"curies":[{"name":"wp","href":"https:\/\/api.w.org\/{rel}","templated":true}]}}