{"id":3125,"date":"2023-08-08T16:50:06","date_gmt":"2023-08-08T21:50:06","guid":{"rendered":"https:\/\/biomedicals.com.co\/?post_type=product&#038;p=3125"},"modified":"2023-09-10T10:32:44","modified_gmt":"2023-09-10T15:32:44","slug":"lampara-de-fotocurado-o-light-ii-woodpecker","status":"publish","type":"product","link":"https:\/\/biomedicals.com.co\/index.php\/producto\/lampara-de-fotocurado-o-light-ii-woodpecker\/","title":{"rendered":"L\u00e1mpara de Fotocurado Woodpecker &#8211; O-Light II"},"content":{"rendered":"<p><span style=\"font-weight: 400;\"><strong>L\u00c1MPARA FOTOCURADO LED O-LIGHT II<\/strong>\u00a0<\/span><\/p>\n<ul>\n<li><span style=\"font-weight: 400;\">L\u00e1mpara de fotocurado con salida de luz enfocada mejorada<\/span><\/li>\n<li><span style=\"font-weight: 400;\">La exclusiva tecnolog\u00eda Woodpecker de salida de luz enfocada reduce el 55,87% del \u00e1ngulo de la luz, lo que permite una energ\u00eda m\u00e1s concentrada y una mayor eficiencia de curado.<\/span><\/li>\n<li><span style=\"font-weight: 400;\">Incluye lente magn\u00e9tica dePointCure el cual\u00a0 proporciona un curado preciso de peque\u00f1os composites y es \u00fatil para el curado de carillas y coronas de porcelana.<\/span><\/li>\n<\/ul>\n<p><strong>La l\u00e1mpara trae 3 modos de uso:<\/strong><\/p>\n<ul>\n<li><span style=\"font-weight: 400;\">Modo normal Intensidad 1000-1200 mw\/cm2 con\u00a0 Ajuste de tiempo 5s. 10s, 15s. 20s<\/span><\/li>\n<li><span style=\"font-weight: 400;\">Modo alto Intensidad 1800-2000 mw\/cm2 Ajuste de tiempo 3s. 5s<\/span><\/li>\n<li><span style=\"font-weight: 400;\">Modo turbo Intensidad 2700-3000 mw\/cm2 Ajuste de tiempo 1s. 3s<\/span><\/li>\n<\/ul>\n<p><span style=\"font-weight: 400;\">La Intensidad hasta 3000 mw\/cm2, 1 Seg. para el curado 3\u00a0 brinda una mayor intensidad que sus antecesoras\u00a0 curando 2 mm de resina en 1 segundo. Lo que la hace especialmente adecuada para brackets de ortodoncia, carillas de porcelana, adhesivos post-core y selladores de fosas y fisuras.<\/span><\/p>\n<p><span style=\"font-weight: 400;\">Amplio espectro mejorado El rango de longitud de onda de emisi\u00f3n de la luz de curado de amplio espectro de la l\u00e1mpara O-Light II\u00a0 es de 385nm-515nm, a\u00f1adiendo principalmente la banda de onda, de 385nm-420nm La banda adicional puede curar mejor los materiales de resina que contienen fotoiniciadores tipo\u00a0 TPO. Por ejemplo, materiales de restauraci\u00f3n como Tetric N-Ceram Bulk Fill (lvoclar), Amelogen Plus (Ultradent), y ENA Hn (Micerium). La longitud de onda adicional tambi\u00e9n puede reducir el riesgo de desprendimiento de resina y de curado incompleto.<\/span><\/p>\n","protected":false},"excerpt":{"rendered":"<p>La l\u00e1mpara de fotocurado LED O-LIGHT II incluye una banda adicional que puede curar mejor los materiales de resina que contienen fotoiniciadores tipo TPO. La longitud de onda adicional tambi\u00e9n puede reducir el riesgo de desprendimiento de resina y de curado incompleto.<\/p>\n","protected":false},"featured_media":3126,"comment_status":"open","ping_status":"closed","template":"","meta":[],"product_cat":[58],"product_tag":[],"acf":[],"aioseo_notices":[],"_links":{"self":[{"href":"https:\/\/biomedicals.com.co\/index.php\/wp-json\/wp\/v2\/product\/3125"}],"collection":[{"href":"https:\/\/biomedicals.com.co\/index.php\/wp-json\/wp\/v2\/product"}],"about":[{"href":"https:\/\/biomedicals.com.co\/index.php\/wp-json\/wp\/v2\/types\/product"}],"replies":[{"embeddable":true,"href":"https:\/\/biomedicals.com.co\/index.php\/wp-json\/wp\/v2\/comments?post=3125"}],"wp:featuredmedia":[{"embeddable":true,"href":"https:\/\/biomedicals.com.co\/index.php\/wp-json\/wp\/v2\/media\/3126"}],"wp:attachment":[{"href":"https:\/\/biomedicals.com.co\/index.php\/wp-json\/wp\/v2\/media?parent=3125"}],"wp:term":[{"taxonomy":"product_cat","embeddable":true,"href":"https:\/\/biomedicals.com.co\/index.php\/wp-json\/wp\/v2\/product_cat?post=3125"},{"taxonomy":"product_tag","embeddable":true,"href":"https:\/\/biomedicals.com.co\/index.php\/wp-json\/wp\/v2\/product_tag?post=3125"}],"curies":[{"name":"wp","href":"https:\/\/api.w.org\/{rel}","templated":true}]}}