{"id":3132,"date":"2023-08-08T17:32:13","date_gmt":"2023-08-08T22:32:13","guid":{"rendered":"https:\/\/biomedicals.com.co\/?post_type=product&#038;p=3132"},"modified":"2023-09-10T12:05:40","modified_gmt":"2023-09-10T17:05:40","slug":"contra-angulo-nsk-serie-fx","status":"publish","type":"product","link":"https:\/\/biomedicals.com.co\/index.php\/producto\/contra-angulo-nsk-serie-fx\/","title":{"rendered":"Contra-\u00c1ngulo NSK- SERIE FX"},"content":{"rendered":"<p>Contra \u00c1ngulo de baja velocidad para limpieza y pulido. Cuenta con excelente velocidad de 40.000 rpm que optimiza el trabajo en boca, adem\u00e1s de rodamientos cer\u00e1micos y cabezal higi\u00e9nico que lo hacen ideal para trabajo pesado, gracias a su durabilidad.<\/p>\n","protected":false},"excerpt":{"rendered":"<p><span style=\"font-weight: 400;\">El Portafresas Push Botton es el mecanismo pulsador que tensiona la empu\u00f1adura de la fresa durante la rotaci\u00f3n. Permite insertar y extraer la fresa con un solo toque y sin herramientas. El mecanismo de bloqueo de la fresa est\u00e1 dise\u00f1ado de modo que la resistencia de la sujeci\u00f3n aumenta cuando se aplican cargas elevadas a la fresa. <\/span><\/p>\n","protected":false},"featured_media":3133,"comment_status":"open","ping_status":"closed","template":"","meta":[],"product_cat":[60],"product_tag":[],"acf":[],"aioseo_notices":[],"_links":{"self":[{"href":"https:\/\/biomedicals.com.co\/index.php\/wp-json\/wp\/v2\/product\/3132"}],"collection":[{"href":"https:\/\/biomedicals.com.co\/index.php\/wp-json\/wp\/v2\/product"}],"about":[{"href":"https:\/\/biomedicals.com.co\/index.php\/wp-json\/wp\/v2\/types\/product"}],"replies":[{"embeddable":true,"href":"https:\/\/biomedicals.com.co\/index.php\/wp-json\/wp\/v2\/comments?post=3132"}],"wp:featuredmedia":[{"embeddable":true,"href":"https:\/\/biomedicals.com.co\/index.php\/wp-json\/wp\/v2\/media\/3133"}],"wp:attachment":[{"href":"https:\/\/biomedicals.com.co\/index.php\/wp-json\/wp\/v2\/media?parent=3132"}],"wp:term":[{"taxonomy":"product_cat","embeddable":true,"href":"https:\/\/biomedicals.com.co\/index.php\/wp-json\/wp\/v2\/product_cat?post=3132"},{"taxonomy":"product_tag","embeddable":true,"href":"https:\/\/biomedicals.com.co\/index.php\/wp-json\/wp\/v2\/product_tag?post=3132"}],"curies":[{"name":"wp","href":"https:\/\/api.w.org\/{rel}","templated":true}]}}