{"id":3284,"date":"2023-08-11T11:07:50","date_gmt":"2023-08-11T16:07:50","guid":{"rendered":"https:\/\/biomedicals.com.co\/?post_type=product&#038;p=3284"},"modified":"2023-08-11T11:07:50","modified_gmt":"2023-08-11T16:07:50","slug":"cubeta-de-acero-inoxidable","status":"publish","type":"product","link":"https:\/\/biomedicals.com.co\/index.php\/producto\/cubeta-de-acero-inoxidable\/","title":{"rendered":"Cubeta de acero inoxidable"},"content":{"rendered":"<p><span style=\"font-weight: 400;\">Cubeta Acero Inoxidable con Tapa. Presentaci\u00f3n por Unidad. Instrumental en Acero Inoxidable.Los instrumentos de acero inoxidable deben secarse por completo antes de su utilizaci\u00f3n, a fin de evitar la existencia de corrosi\u00f3n u oxidaci\u00f3n<\/span><\/p>\n","protected":false},"excerpt":{"rendered":"<p><span style=\"font-weight: 400;\">Cubeta Acero Inoxidable con Tapa. Presentaci\u00f3n por Unidad. Instrumental en Acero Inoxidable.Los instrumentos de acero inoxidable deben secarse por completo antes de su utilizaci\u00f3n, a fin de evitar la existencia de corrosi\u00f3n u oxidaci\u00f3n<\/span><\/p>\n","protected":false},"featured_media":3285,"comment_status":"open","ping_status":"closed","template":"","meta":[],"product_cat":[65,63],"product_tag":[],"acf":[],"aioseo_notices":[],"_links":{"self":[{"href":"https:\/\/biomedicals.com.co\/index.php\/wp-json\/wp\/v2\/product\/3284"}],"collection":[{"href":"https:\/\/biomedicals.com.co\/index.php\/wp-json\/wp\/v2\/product"}],"about":[{"href":"https:\/\/biomedicals.com.co\/index.php\/wp-json\/wp\/v2\/types\/product"}],"replies":[{"embeddable":true,"href":"https:\/\/biomedicals.com.co\/index.php\/wp-json\/wp\/v2\/comments?post=3284"}],"wp:featuredmedia":[{"embeddable":true,"href":"https:\/\/biomedicals.com.co\/index.php\/wp-json\/wp\/v2\/media\/3285"}],"wp:attachment":[{"href":"https:\/\/biomedicals.com.co\/index.php\/wp-json\/wp\/v2\/media?parent=3284"}],"wp:term":[{"taxonomy":"product_cat","embeddable":true,"href":"https:\/\/biomedicals.com.co\/index.php\/wp-json\/wp\/v2\/product_cat?post=3284"},{"taxonomy":"product_tag","embeddable":true,"href":"https:\/\/biomedicals.com.co\/index.php\/wp-json\/wp\/v2\/product_tag?post=3284"}],"curies":[{"name":"wp","href":"https:\/\/api.w.org\/{rel}","templated":true}]}}