{"id":3366,"date":"2023-08-11T17:11:11","date_gmt":"2023-08-11T22:11:11","guid":{"rendered":"https:\/\/biomedicals.com.co\/?post_type=product&#038;p=3366"},"modified":"2023-08-11T17:11:11","modified_gmt":"2023-08-11T22:11:11","slug":"infantometro-en-plexiglass-fabricacion-nacional","status":"publish","type":"product","link":"https:\/\/biomedicals.com.co\/index.php\/producto\/infantometro-en-plexiglass-fabricacion-nacional\/","title":{"rendered":"INFANTOMETRO EN PLEXIGLASS &#8211; FABRICACION NACIONAL"},"content":{"rendered":"<p>Infantometro en plexigl\u00e1s graduado en doble escala (cent\u00edmetros y pulgadas) color opa. Medici\u00f3n hasta 100cms Determina la talla de ni\u00f1os menores de 2 a\u00f1os. Con tope cef\u00e1lico.<\/p>\n<p>Caracter\u00edsticas:<\/p>\n<ul>\n<li>100% Acr\u00edlico<\/li>\n<\/ul>\n","protected":false},"excerpt":{"rendered":"<p>Infantometro en plexigl\u00e1s graduado en doble escala (cent\u00edmetros y pulgadas) color opa. Medici\u00f3n hasta 100cms Determina la talla de ni\u00f1os menores de 2 a\u00f1os. Con tope cef\u00e1lico.<\/p>\n","protected":false},"featured_media":3367,"comment_status":"open","ping_status":"closed","template":"","meta":[],"product_cat":[74,82],"product_tag":[],"acf":[],"aioseo_notices":[],"_links":{"self":[{"href":"https:\/\/biomedicals.com.co\/index.php\/wp-json\/wp\/v2\/product\/3366"}],"collection":[{"href":"https:\/\/biomedicals.com.co\/index.php\/wp-json\/wp\/v2\/product"}],"about":[{"href":"https:\/\/biomedicals.com.co\/index.php\/wp-json\/wp\/v2\/types\/product"}],"replies":[{"embeddable":true,"href":"https:\/\/biomedicals.com.co\/index.php\/wp-json\/wp\/v2\/comments?post=3366"}],"wp:featuredmedia":[{"embeddable":true,"href":"https:\/\/biomedicals.com.co\/index.php\/wp-json\/wp\/v2\/media\/3367"}],"wp:attachment":[{"href":"https:\/\/biomedicals.com.co\/index.php\/wp-json\/wp\/v2\/media?parent=3366"}],"wp:term":[{"taxonomy":"product_cat","embeddable":true,"href":"https:\/\/biomedicals.com.co\/index.php\/wp-json\/wp\/v2\/product_cat?post=3366"},{"taxonomy":"product_tag","embeddable":true,"href":"https:\/\/biomedicals.com.co\/index.php\/wp-json\/wp\/v2\/product_tag?post=3366"}],"curies":[{"name":"wp","href":"https:\/\/api.w.org\/{rel}","templated":true}]}}