{"id":3388,"date":"2023-08-12T10:34:42","date_gmt":"2023-08-12T15:34:42","guid":{"rendered":"https:\/\/biomedicals.com.co\/?post_type=product&#038;p=3388"},"modified":"2023-09-25T12:02:32","modified_gmt":"2023-09-25T17:02:32","slug":"martillo-de-reflejos-marca-prestige","status":"publish","type":"product","link":"https:\/\/biomedicals.com.co\/index.php\/producto\/martillo-de-reflejos-marca-prestige\/","title":{"rendered":"MARTILLO DE REFLEJOS MARCA PRESTIGE"},"content":{"rendered":"<p><span style=\"font-weight: 400;\">Martillo neurologico babinski retr\u00e1ctil, dise\u00f1ado para examinar los reflejos del sistema nervioso, equipado con una punta en la parte fina para examinar la reacci\u00f3n del sistema nervioso y una cabeza de goma para la reacci\u00f3n de reflejo, permite diferentes fuerzas de percusi\u00f3n.<\/span><\/p>\n<p><strong>Caracter\u00edsticas:<\/strong><\/p>\n<p><span style=\"font-weight: 400;\">\u2022 Cuenta con un mango telesc\u00f3pico 14\u2033 RETRACTIL<\/span><span style=\"font-weight: 400;\"><br \/>\n<\/span><span style=\"font-weight: 400;\">\u2022 Anillo de parachoques de pl\u00e1stico de PVC<\/span><span style=\"font-weight: 400;\"><br \/>\n<\/span><span style=\"font-weight: 400;\">\u2022 Base del mango c\u00f3nico<\/span><\/p>\n","protected":false},"excerpt":{"rendered":"<p>Este martillo permite diferentes fuerzas de percusi\u00f3n y la base del mango c\u00f3nico permite la prueba del reflejo plantar.<\/p>\n","protected":false},"featured_media":3390,"comment_status":"open","ping_status":"closed","template":"","meta":[],"product_cat":[74,85],"product_tag":[],"acf":[],"aioseo_notices":[],"_links":{"self":[{"href":"https:\/\/biomedicals.com.co\/index.php\/wp-json\/wp\/v2\/product\/3388"}],"collection":[{"href":"https:\/\/biomedicals.com.co\/index.php\/wp-json\/wp\/v2\/product"}],"about":[{"href":"https:\/\/biomedicals.com.co\/index.php\/wp-json\/wp\/v2\/types\/product"}],"replies":[{"embeddable":true,"href":"https:\/\/biomedicals.com.co\/index.php\/wp-json\/wp\/v2\/comments?post=3388"}],"wp:featuredmedia":[{"embeddable":true,"href":"https:\/\/biomedicals.com.co\/index.php\/wp-json\/wp\/v2\/media\/3390"}],"wp:attachment":[{"href":"https:\/\/biomedicals.com.co\/index.php\/wp-json\/wp\/v2\/media?parent=3388"}],"wp:term":[{"taxonomy":"product_cat","embeddable":true,"href":"https:\/\/biomedicals.com.co\/index.php\/wp-json\/wp\/v2\/product_cat?post=3388"},{"taxonomy":"product_tag","embeddable":true,"href":"https:\/\/biomedicals.com.co\/index.php\/wp-json\/wp\/v2\/product_tag?post=3388"}],"curies":[{"name":"wp","href":"https:\/\/api.w.org\/{rel}","templated":true}]}}