{"id":3425,"date":"2023-08-14T14:09:49","date_gmt":"2023-08-14T19:09:49","guid":{"rendered":"https:\/\/biomedicals.com.co\/?post_type=product&#038;p=3425"},"modified":"2023-08-14T14:09:49","modified_gmt":"2023-08-14T19:09:49","slug":"banda-elastica","status":"publish","type":"product","link":"https:\/\/biomedicals.com.co\/index.php\/producto\/banda-elastica\/","title":{"rendered":"BANDA EL\u00c1STICA"},"content":{"rendered":"<p><span style=\"font-weight: 400;\">ESPECIFICACIONES T\u00c9CNICAS<\/span><\/p>\n<p><span style=\"font-weight: 400;\">Utilizadas fisioterapeutas como manera de recuperaci\u00f3n articular o muscular por su facilidad de manejo y sus resistencias variables; las bandas el\u00e1sticas, tiras de caucho libre de l\u00e1tex, son una forma de aumentar la resistencia de forma lineal al aumento de la longitud de la banda el\u00e1stica. Esto sumado a su longitud variable, nos da la posibilidad de realizar miles de ejercicios diferentes de forma segura y controlada.<\/span><\/p>\n<p><span style=\"font-weight: 400;\">LONGITUDES:<\/span><\/p>\n<ul>\n<li style=\"font-weight: 400;\" aria-level=\"1\"><span style=\"font-weight: 400;\">Juego x 6 resistencias de 1 mt. c\/u\u00a0<\/span><\/li>\n<li style=\"font-weight: 400;\" aria-level=\"1\"><span style=\"font-weight: 400;\">Juego x 7 resistencias de 1 mt. c\/u:\u00a0<\/span><\/li>\n<li style=\"font-weight: 400;\" aria-level=\"1\"><span style=\"font-weight: 400;\">Rollo x 25m<\/span><\/li>\n<li style=\"font-weight: 400;\" aria-level=\"1\"><span style=\"font-weight: 400;\">Rollo x45m<\/span><\/li>\n<\/ul>\n<p><span style=\"font-weight: 400;\">RESISTENCIAS<\/span><\/p>\n<ul>\n<li style=\"font-weight: 400;\" aria-level=\"1\"><span style=\"font-weight: 400;\">Amarilla<\/span><\/li>\n<li style=\"font-weight: 400;\" aria-level=\"1\"><span style=\"font-weight: 400;\">Roja<\/span><\/li>\n<li style=\"font-weight: 400;\" aria-level=\"1\"><span style=\"font-weight: 400;\">Verde<\/span><\/li>\n<li style=\"font-weight: 400;\" aria-level=\"1\"><span style=\"font-weight: 400;\">Azul<\/span><\/li>\n<li style=\"font-weight: 400;\" aria-level=\"1\"><span style=\"font-weight: 400;\">Gris<\/span><\/li>\n<li style=\"font-weight: 400;\" aria-level=\"1\"><span style=\"font-weight: 400;\">Negra<\/span><\/li>\n<li style=\"font-weight: 400;\" aria-level=\"1\"><span style=\"font-weight: 400;\">Violeta<\/span><\/li>\n<li style=\"font-weight: 400;\" aria-level=\"1\"><span style=\"font-weight: 400;\">Dorada<\/span><\/li>\n<\/ul>\n","protected":false},"excerpt":{"rendered":"<p><span style=\"font-weight: 400;\">Utilizadas fisioterapeutas como manera de recuperaci\u00f3n articular o muscular por su facilidad de manejo y sus resistencias variables<\/span><\/p>\n","protected":false},"featured_media":3426,"comment_status":"open","ping_status":"closed","template":"","meta":[],"product_cat":[92,90],"product_tag":[],"acf":[],"aioseo_notices":[],"_links":{"self":[{"href":"https:\/\/biomedicals.com.co\/index.php\/wp-json\/wp\/v2\/product\/3425"}],"collection":[{"href":"https:\/\/biomedicals.com.co\/index.php\/wp-json\/wp\/v2\/product"}],"about":[{"href":"https:\/\/biomedicals.com.co\/index.php\/wp-json\/wp\/v2\/types\/product"}],"replies":[{"embeddable":true,"href":"https:\/\/biomedicals.com.co\/index.php\/wp-json\/wp\/v2\/comments?post=3425"}],"wp:featuredmedia":[{"embeddable":true,"href":"https:\/\/biomedicals.com.co\/index.php\/wp-json\/wp\/v2\/media\/3426"}],"wp:attachment":[{"href":"https:\/\/biomedicals.com.co\/index.php\/wp-json\/wp\/v2\/media?parent=3425"}],"wp:term":[{"taxonomy":"product_cat","embeddable":true,"href":"https:\/\/biomedicals.com.co\/index.php\/wp-json\/wp\/v2\/product_cat?post=3425"},{"taxonomy":"product_tag","embeddable":true,"href":"https:\/\/biomedicals.com.co\/index.php\/wp-json\/wp\/v2\/product_tag?post=3425"}],"curies":[{"name":"wp","href":"https:\/\/api.w.org\/{rel}","templated":true}]}}