{"id":3469,"date":"2023-08-14T15:36:59","date_gmt":"2023-08-14T20:36:59","guid":{"rendered":"https:\/\/biomedicals.com.co\/?post_type=product&#038;p=3469"},"modified":"2023-08-14T15:36:59","modified_gmt":"2023-08-14T20:36:59","slug":"ultrasonido-profesional-soundcare-plus","status":"publish","type":"product","link":"https:\/\/biomedicals.com.co\/index.php\/producto\/ultrasonido-profesional-soundcare-plus\/","title":{"rendered":"ULTRASONIDO PROFESIONAL SOUNDCARE PLUS"},"content":{"rendered":"<p>\u00danico en su naturaleza, el dispositivo de ultrasonido profesional SoundCare Plus viene completo con dos cabezales de sonido que se pueden conectar simult\u00e1neamente para una terapia m\u00e1s espec\u00edfica.<\/p>\n","protected":false},"excerpt":{"rendered":"<p>\u00danico en su naturaleza, el dispositivo de ultrasonido profesional SoundCare Plus viene completo con dos cabezales de sonido que se pueden conectar simult\u00e1neamente para una terapia m\u00e1s espec\u00edfica.<\/p>\n","protected":false},"featured_media":3470,"comment_status":"open","ping_status":"closed","template":"","meta":[],"product_cat":[94,90],"product_tag":[],"acf":[],"aioseo_notices":[],"_links":{"self":[{"href":"https:\/\/biomedicals.com.co\/index.php\/wp-json\/wp\/v2\/product\/3469"}],"collection":[{"href":"https:\/\/biomedicals.com.co\/index.php\/wp-json\/wp\/v2\/product"}],"about":[{"href":"https:\/\/biomedicals.com.co\/index.php\/wp-json\/wp\/v2\/types\/product"}],"replies":[{"embeddable":true,"href":"https:\/\/biomedicals.com.co\/index.php\/wp-json\/wp\/v2\/comments?post=3469"}],"wp:featuredmedia":[{"embeddable":true,"href":"https:\/\/biomedicals.com.co\/index.php\/wp-json\/wp\/v2\/media\/3470"}],"wp:attachment":[{"href":"https:\/\/biomedicals.com.co\/index.php\/wp-json\/wp\/v2\/media?parent=3469"}],"wp:term":[{"taxonomy":"product_cat","embeddable":true,"href":"https:\/\/biomedicals.com.co\/index.php\/wp-json\/wp\/v2\/product_cat?post=3469"},{"taxonomy":"product_tag","embeddable":true,"href":"https:\/\/biomedicals.com.co\/index.php\/wp-json\/wp\/v2\/product_tag?post=3469"}],"curies":[{"name":"wp","href":"https:\/\/api.w.org\/{rel}","templated":true}]}}