{"id":3472,"date":"2023-08-14T15:39:23","date_gmt":"2023-08-14T20:39:23","guid":{"rendered":"https:\/\/biomedicals.com.co\/?post_type=product&#038;p=3472"},"modified":"2023-08-14T15:39:23","modified_gmt":"2023-08-14T20:39:23","slug":"ultrasonido-us-1000-3ra-edicion","status":"publish","type":"product","link":"https:\/\/biomedicals.com.co\/index.php\/producto\/ultrasonido-us-1000-3ra-edicion\/","title":{"rendered":"ULTRASONIDO US 1000 3ra EDICI\u00d3N"},"content":{"rendered":"<p>El Ultrasonido US 1000 3ra Edici\u00f3n, produce ondas ultras\u00f3nicas continuas por minuto, aliviando dolores, espasmos musculares, entre otros. Tiene tres niveles (bajo, medio, alto) y se apaga autom\u00e1ticamente a los 30 minutos.<\/p>\n","protected":false},"excerpt":{"rendered":"<p>El Ultrasonido US 1000 3ra Edici\u00f3n, produce ondas ultras\u00f3nicas continuas por minuto<\/p>\n","protected":false},"featured_media":3473,"comment_status":"open","ping_status":"closed","template":"","meta":[],"product_cat":[94,90],"product_tag":[],"acf":[],"aioseo_notices":[],"_links":{"self":[{"href":"https:\/\/biomedicals.com.co\/index.php\/wp-json\/wp\/v2\/product\/3472"}],"collection":[{"href":"https:\/\/biomedicals.com.co\/index.php\/wp-json\/wp\/v2\/product"}],"about":[{"href":"https:\/\/biomedicals.com.co\/index.php\/wp-json\/wp\/v2\/types\/product"}],"replies":[{"embeddable":true,"href":"https:\/\/biomedicals.com.co\/index.php\/wp-json\/wp\/v2\/comments?post=3472"}],"wp:featuredmedia":[{"embeddable":true,"href":"https:\/\/biomedicals.com.co\/index.php\/wp-json\/wp\/v2\/media\/3473"}],"wp:attachment":[{"href":"https:\/\/biomedicals.com.co\/index.php\/wp-json\/wp\/v2\/media?parent=3472"}],"wp:term":[{"taxonomy":"product_cat","embeddable":true,"href":"https:\/\/biomedicals.com.co\/index.php\/wp-json\/wp\/v2\/product_cat?post=3472"},{"taxonomy":"product_tag","embeddable":true,"href":"https:\/\/biomedicals.com.co\/index.php\/wp-json\/wp\/v2\/product_tag?post=3472"}],"curies":[{"name":"wp","href":"https:\/\/api.w.org\/{rel}","templated":true}]}}