{"id":3474,"date":"2023-08-14T15:44:52","date_gmt":"2023-08-14T20:44:52","guid":{"rendered":"https:\/\/biomedicals.com.co\/?post_type=product&#038;p=3474"},"modified":"2023-08-14T15:44:52","modified_gmt":"2023-08-14T20:44:52","slug":"ultrasonido-us-pro-2000-2da-edicion","status":"publish","type":"product","link":"https:\/\/biomedicals.com.co\/index.php\/producto\/ultrasonido-us-pro-2000-2da-edicion\/","title":{"rendered":"ULTRASONIDO US PRO 2000 2da EDICI\u00d3N"},"content":{"rendered":"<pre>La US Pro 2000 2nd Edition es un dispositivo de ultrasonido terap\u00e9utico de grado cl\u00ednico que genera calor profundo a trav\u00e9s de la energ\u00eda de ultrasonido.\r\n\r\nEl Ultrasonido port\u00e1til US PRO 2000 2nd Edition es un dispositivo terap\u00e9utico que genera profundas ondas ultras\u00f3nicas en los tejidos del cuerpo para el tratamiento del dolor, espasmos musculares, contracturas en las articulaciones, etc.\r\nPosee indicador de tiempo y cuenta con tres ajustes de intensidad (bajo, medio, alto). Equipo aprobado por la FDA y dise\u00f1ado para uso profesional.\r\n\r\nEl Ultrasonido US Pro2000\u00ae (1 Mhz) es una consola port\u00e1til, ideal para consultas domiciliarias.<\/pre>\n<ul>\n<li aria-level=\"1\">\n<pre>La 2\u00b0generaci\u00f3n es una l\u00ednea que emite hasta 1,6w\/cm2<\/pre>\n<\/li>\n<\/ul>\n<ul>\n<li aria-level=\"1\">\n<pre>Innovadora por su comodidad y portabilidad.<\/pre>\n<\/li>\n<\/ul>\n<ul>\n<li aria-level=\"1\">\n<pre>Elegido por Kinesi\u00f3logos y profesionales del \u00e1rea de Rehabilitaci\u00f3n f\u00edsica.<\/pre>\n<\/li>\n<\/ul>\n<pre>Posee 3 niveles de intensidad:<\/pre>\n<ul>\n<li aria-level=\"1\">\n<pre>Low \u00a0 \u00a0 \u00a0 \u00a0 (L)\u00a0 \u00a0 \u00a0 \u00a0 0.08 W\/cm\u00b2 \u00b1 20%\u00a0 \u00a0 \u00a0 \u00a0 30%\u00a0 Duty Cycle<\/pre>\n<\/li>\n<\/ul>\n<ul>\n<li aria-level=\"1\">\n<pre>Medium (M) \u00a0 \u00a0 \u00a0 0.8 W\/cm\u00b2 \u00b1 20%\u00a0 \u00a0 \u00a0 \u00a0 \u00a0 50%\u00a0 Duty Cycle<\/pre>\n<\/li>\n<\/ul>\n<ul>\n<li aria-level=\"1\">\n<pre>Hight \u00a0 \u00a0 \u00a0 (H) \u00a0 \u00a0 \u00a0 1.6 W\/cm\u00b2 \u00b1 20% \u00a0 \u00a0 \u00a0 \u00a0 100% Duty Cycle<\/pre>\n<\/li>\n<\/ul>\n<p>&nbsp;<\/p>\n","protected":false},"excerpt":{"rendered":"<p>La US Pro 2000 2nd Edition es un dispositivo de ultrasonido terap\u00e9utico de grado cl\u00ednico que genera calor profundo a trav\u00e9s de la energ\u00eda de ultrasonido.<\/p>\n","protected":false},"featured_media":3475,"comment_status":"open","ping_status":"closed","template":"","meta":[],"product_cat":[94,90],"product_tag":[],"acf":[],"aioseo_notices":[],"_links":{"self":[{"href":"https:\/\/biomedicals.com.co\/index.php\/wp-json\/wp\/v2\/product\/3474"}],"collection":[{"href":"https:\/\/biomedicals.com.co\/index.php\/wp-json\/wp\/v2\/product"}],"about":[{"href":"https:\/\/biomedicals.com.co\/index.php\/wp-json\/wp\/v2\/types\/product"}],"replies":[{"embeddable":true,"href":"https:\/\/biomedicals.com.co\/index.php\/wp-json\/wp\/v2\/comments?post=3474"}],"wp:featuredmedia":[{"embeddable":true,"href":"https:\/\/biomedicals.com.co\/index.php\/wp-json\/wp\/v2\/media\/3475"}],"wp:attachment":[{"href":"https:\/\/biomedicals.com.co\/index.php\/wp-json\/wp\/v2\/media?parent=3474"}],"wp:term":[{"taxonomy":"product_cat","embeddable":true,"href":"https:\/\/biomedicals.com.co\/index.php\/wp-json\/wp\/v2\/product_cat?post=3474"},{"taxonomy":"product_tag","embeddable":true,"href":"https:\/\/biomedicals.com.co\/index.php\/wp-json\/wp\/v2\/product_tag?post=3474"}],"curies":[{"name":"wp","href":"https:\/\/api.w.org\/{rel}","templated":true}]}}