{"id":3480,"date":"2023-08-14T15:55:08","date_gmt":"2023-08-14T20:55:08","guid":{"rendered":"https:\/\/biomedicals.com.co\/?post_type=product&#038;p=3480"},"modified":"2023-08-14T15:55:08","modified_gmt":"2023-08-14T20:55:08","slug":"cable-para-tens-x2-hembra","status":"publish","type":"product","link":"https:\/\/biomedicals.com.co\/index.php\/producto\/cable-para-tens-x2-hembra\/","title":{"rendered":"CABLE PARA TENS X2 (HEMBRA)"},"content":{"rendered":"<h3>Caracter\u00edsticas del CABLE PARA TENS X2 (HEMBRA)<\/h3>\n<ul>\n<li aria-level=\"1\">Compatibles con TENS, EMS, o cualquier electro estimulador port\u00e1til de doble canal<\/li>\n<\/ul>\n<ul>\n<li aria-level=\"1\">Repuestos conectores del equipo a los electrodos<\/li>\n<\/ul>\n<ul>\n<li aria-level=\"1\">Conector tipo Macho<\/li>\n<\/ul>\n<ul>\n<li aria-level=\"1\">Plug mini monof\u00f3nico<\/li>\n<\/ul>\n<ul>\n<li aria-level=\"1\">Pin conector de 2-0mm<\/li>\n<\/ul>\n<p>Medidas<br \/>\n\u2013 Ancho 2.5 mm<br \/>\n\u2013 Largo 90 cm<\/p>\n","protected":false},"excerpt":{"rendered":"<p>Caracter\u00edsticas del CABLE PARA TENS X2 (HEMBRA) Compatibles con TENS, EMS, o cualquier electro estimulador port\u00e1til de doble canal Repuestos conectores del equipo a los electrodos Conector tipo Macho Plug mini monof\u00f3nico Pin conector de 2-0mm Medidas \u2013 Ancho 2.5 mm \u2013 Largo 90 cm<\/p>\n","protected":false},"featured_media":3481,"comment_status":"open","ping_status":"closed","template":"","meta":[],"product_cat":[96,90],"product_tag":[],"acf":[],"aioseo_notices":[],"_links":{"self":[{"href":"https:\/\/biomedicals.com.co\/index.php\/wp-json\/wp\/v2\/product\/3480"}],"collection":[{"href":"https:\/\/biomedicals.com.co\/index.php\/wp-json\/wp\/v2\/product"}],"about":[{"href":"https:\/\/biomedicals.com.co\/index.php\/wp-json\/wp\/v2\/types\/product"}],"replies":[{"embeddable":true,"href":"https:\/\/biomedicals.com.co\/index.php\/wp-json\/wp\/v2\/comments?post=3480"}],"wp:featuredmedia":[{"embeddable":true,"href":"https:\/\/biomedicals.com.co\/index.php\/wp-json\/wp\/v2\/media\/3481"}],"wp:attachment":[{"href":"https:\/\/biomedicals.com.co\/index.php\/wp-json\/wp\/v2\/media?parent=3480"}],"wp:term":[{"taxonomy":"product_cat","embeddable":true,"href":"https:\/\/biomedicals.com.co\/index.php\/wp-json\/wp\/v2\/product_cat?post=3480"},{"taxonomy":"product_tag","embeddable":true,"href":"https:\/\/biomedicals.com.co\/index.php\/wp-json\/wp\/v2\/product_tag?post=3480"}],"curies":[{"name":"wp","href":"https:\/\/api.w.org\/{rel}","templated":true}]}}