{"id":3496,"date":"2023-08-14T16:31:45","date_gmt":"2023-08-14T21:31:45","guid":{"rendered":"https:\/\/biomedicals.com.co\/?post_type=product&#038;p=3496"},"modified":"2023-08-14T16:31:45","modified_gmt":"2023-08-14T21:31:45","slug":"electrodo-puntual","status":"publish","type":"product","link":"https:\/\/biomedicals.com.co\/index.php\/producto\/electrodo-puntual\/","title":{"rendered":"ELECTRODO PUNTUAL"},"content":{"rendered":"<p>Un ELECTRODO PUNTUAL a la carga el\u00e9ctrica hipot\u00e9tica de gran magnitud que punto geom\u00e9trico que es de toda dimensi\u00f3n. Las cargas puntuales no existen en realidad ya que el punto no pose longitud; volumen ni superficie, y la densidad de una carga puntual que al contrario el punto es volumetrica lineal y posee una magnitud finitapor lo tanto es infinita<\/p>\n<ul>\n<li aria-level=\"1\">Carbonado \u2013 Siliconado<\/li>\n<\/ul>\n<ul>\n<li aria-level=\"1\">Re utilizable<\/li>\n<\/ul>\n<ul>\n<li aria-level=\"1\">Vida \u00datil: 6 meses o 500 horas en su buen uso<\/li>\n<\/ul>\n<ul>\n<li aria-level=\"1\">Limpieza: Lavar o limpiar con solo agua y pa\u00f1o h\u00famedo<\/li>\n<\/ul>\n<ul>\n<li aria-level=\"1\">Desinfectar: despu\u00e9s de cada uso, limpiar con pa\u00f1o h\u00famedo (deben ser colocados en piel sana)<\/li>\n<\/ul>\n<ul>\n<li aria-level=\"1\">Evitar colocar cara con cara entre si los electrodos, para evitar p\u00e9rdida de liberaci\u00f3n de carbono de los electrodos.<\/li>\n<\/ul>\n<ul>\n<li aria-level=\"1\">Nota: Otra forma pr\u00e1ctica es usar cortes de pa\u00f1o absorbente (para uso domestico) del tama\u00f1o del electrodo y colocarlo h\u00famedo entre el electrodo y la piel del paciente. Es una forma pr\u00e1ctica por que no requiere usar gel como medio conductor de corriente evitando, la posterior limpieza del electrodo y la piel del paciente del gel aplicado.<\/li>\n<\/ul>\n<p>Di\u00e1metro: 2 cm<\/p>\n","protected":false},"excerpt":{"rendered":"<p>Un ELECTRODO PUNTUAL a la carga el\u00e9ctrica hipot\u00e9tica de gran magnitud que punto geom\u00e9trico que es de toda dimensi\u00f3n<\/p>\n","protected":false},"featured_media":3497,"comment_status":"open","ping_status":"closed","template":"","meta":[],"product_cat":[96,90],"product_tag":[],"acf":[],"aioseo_notices":[],"_links":{"self":[{"href":"https:\/\/biomedicals.com.co\/index.php\/wp-json\/wp\/v2\/product\/3496"}],"collection":[{"href":"https:\/\/biomedicals.com.co\/index.php\/wp-json\/wp\/v2\/product"}],"about":[{"href":"https:\/\/biomedicals.com.co\/index.php\/wp-json\/wp\/v2\/types\/product"}],"replies":[{"embeddable":true,"href":"https:\/\/biomedicals.com.co\/index.php\/wp-json\/wp\/v2\/comments?post=3496"}],"wp:featuredmedia":[{"embeddable":true,"href":"https:\/\/biomedicals.com.co\/index.php\/wp-json\/wp\/v2\/media\/3497"}],"wp:attachment":[{"href":"https:\/\/biomedicals.com.co\/index.php\/wp-json\/wp\/v2\/media?parent=3496"}],"wp:term":[{"taxonomy":"product_cat","embeddable":true,"href":"https:\/\/biomedicals.com.co\/index.php\/wp-json\/wp\/v2\/product_cat?post=3496"},{"taxonomy":"product_tag","embeddable":true,"href":"https:\/\/biomedicals.com.co\/index.php\/wp-json\/wp\/v2\/product_tag?post=3496"}],"curies":[{"name":"wp","href":"https:\/\/api.w.org\/{rel}","templated":true}]}}