{"id":3573,"date":"2023-08-15T11:34:09","date_gmt":"2023-08-15T16:34:09","guid":{"rendered":"https:\/\/biomedicals.com.co\/?post_type=product&#038;p=3573"},"modified":"2023-08-15T11:34:09","modified_gmt":"2023-08-15T16:34:09","slug":"camilla-multifuncional-para-rescate","status":"publish","type":"product","link":"https:\/\/biomedicals.com.co\/index.php\/producto\/camilla-multifuncional-para-rescate\/","title":{"rendered":"Camilla Multifuncional para Rescate"},"content":{"rendered":"<p><span style=\"font-weight: 400;\">Material de fabricaci\u00f3n polipropileno &#8211; PVC. Caracter\u00edstica de anti-deformaci\u00f3n. Puede ser izada horizontal o verticalmente. Se enrolla para transportar. 4 correas para sujeci\u00f3n de paciente. Ideal para rescate en espacios limitados. Puede ser usada para rescate a gran altitud. Usada para rescate en accidentes qu\u00edmicos. Cuerdas de nylon y correas para envoltura. 4 asas de agarre. Rango de temperatura: -20\u00b0C ~ 45\u00b0C. Bolsa para transporte<\/span><\/p>\n","protected":false},"excerpt":{"rendered":"<p><span style=\"font-weight: 400;\">Material de fabricaci\u00f3n polipropileno &#8211; PVC. Caracter\u00edstica de anti-deformaci\u00f3n<\/span><\/p>\n","protected":false},"featured_media":3574,"comment_status":"open","ping_status":"closed","template":"","meta":[],"product_cat":[104,105],"product_tag":[],"acf":[],"aioseo_notices":[],"_links":{"self":[{"href":"https:\/\/biomedicals.com.co\/index.php\/wp-json\/wp\/v2\/product\/3573"}],"collection":[{"href":"https:\/\/biomedicals.com.co\/index.php\/wp-json\/wp\/v2\/product"}],"about":[{"href":"https:\/\/biomedicals.com.co\/index.php\/wp-json\/wp\/v2\/types\/product"}],"replies":[{"embeddable":true,"href":"https:\/\/biomedicals.com.co\/index.php\/wp-json\/wp\/v2\/comments?post=3573"}],"wp:featuredmedia":[{"embeddable":true,"href":"https:\/\/biomedicals.com.co\/index.php\/wp-json\/wp\/v2\/media\/3574"}],"wp:attachment":[{"href":"https:\/\/biomedicals.com.co\/index.php\/wp-json\/wp\/v2\/media?parent=3573"}],"wp:term":[{"taxonomy":"product_cat","embeddable":true,"href":"https:\/\/biomedicals.com.co\/index.php\/wp-json\/wp\/v2\/product_cat?post=3573"},{"taxonomy":"product_tag","embeddable":true,"href":"https:\/\/biomedicals.com.co\/index.php\/wp-json\/wp\/v2\/product_tag?post=3573"}],"curies":[{"name":"wp","href":"https:\/\/api.w.org\/{rel}","templated":true}]}}