{"id":3582,"date":"2023-08-15T11:47:24","date_gmt":"2023-08-15T16:47:24","guid":{"rendered":"https:\/\/biomedicals.com.co\/?post_type=product&#038;p=3582"},"modified":"2023-08-15T11:47:24","modified_gmt":"2023-08-15T16:47:24","slug":"cuello-para-inmovilizacion-cervical","status":"publish","type":"product","link":"https:\/\/biomedicals.com.co\/index.php\/producto\/cuello-para-inmovilizacion-cervical\/","title":{"rendered":"Cuello para Inmovilizaci\u00f3n Cervical"},"content":{"rendered":"<p>Cuello para inmovilizaci\u00f3n cervical. Uso adulto, ajustable &#8211; 4 tallas, para inmovilizaci\u00f3n cervical, un solo uso.<\/p>\n","protected":false},"excerpt":{"rendered":"<p>Cuello para inmovilizaci\u00f3n cervical. Uso adulto, ajustable &#8211; 4 tallas, para inmovilizaci\u00f3n cervical, un solo uso.<\/p>\n","protected":false},"featured_media":3583,"comment_status":"open","ping_status":"closed","template":"","meta":[],"product_cat":[104,107],"product_tag":[],"acf":[],"aioseo_notices":[],"_links":{"self":[{"href":"https:\/\/biomedicals.com.co\/index.php\/wp-json\/wp\/v2\/product\/3582"}],"collection":[{"href":"https:\/\/biomedicals.com.co\/index.php\/wp-json\/wp\/v2\/product"}],"about":[{"href":"https:\/\/biomedicals.com.co\/index.php\/wp-json\/wp\/v2\/types\/product"}],"replies":[{"embeddable":true,"href":"https:\/\/biomedicals.com.co\/index.php\/wp-json\/wp\/v2\/comments?post=3582"}],"wp:featuredmedia":[{"embeddable":true,"href":"https:\/\/biomedicals.com.co\/index.php\/wp-json\/wp\/v2\/media\/3583"}],"wp:attachment":[{"href":"https:\/\/biomedicals.com.co\/index.php\/wp-json\/wp\/v2\/media?parent=3582"}],"wp:term":[{"taxonomy":"product_cat","embeddable":true,"href":"https:\/\/biomedicals.com.co\/index.php\/wp-json\/wp\/v2\/product_cat?post=3582"},{"taxonomy":"product_tag","embeddable":true,"href":"https:\/\/biomedicals.com.co\/index.php\/wp-json\/wp\/v2\/product_tag?post=3582"}],"curies":[{"name":"wp","href":"https:\/\/api.w.org\/{rel}","templated":true}]}}