{"id":3650,"date":"2023-08-16T16:40:12","date_gmt":"2023-08-16T21:40:12","guid":{"rendered":"https:\/\/biomedicals.com.co\/?post_type=product&#038;p=3650"},"modified":"2023-08-16T16:40:12","modified_gmt":"2023-08-16T21:40:12","slug":"bateria-14-8v-5200mah","status":"publish","type":"product","link":"https:\/\/biomedicals.com.co\/index.php\/producto\/bateria-14-8v-5200mah\/","title":{"rendered":"Bater\u00eda 14.8V 5200mAh"},"content":{"rendered":"<p><strong>CARACTER\u00cdSTICAS:<\/strong><\/p>\n<div class=\"ewa-rteLine\">Transductor de energ\u00eda que convierte la energ\u00eda qu\u00edmica en energ\u00eda el\u00e9ctrica.<\/div>\n<div class=\"ewa-rteLine\">Voltaje: 14,8V.<\/div>\n<div class=\"ewa-rteLine\">Corriente: 5200mAh.<\/div>\n<div class=\"ewa-rteLine\">Tiempo de carga: 4 horas.<\/div>\n<div class=\"ewa-rteLine\">Ciclos de vida: 400 a 1200.<\/div>\n<div class=\"ewa-rteLine\">Temperatura de almacenamiento: -20 a 50\u00b0C.<\/div>\n<div class=\"ewa-rteLine\">Humedad relativa: &lt;70%.<\/div>\n<div class=\"ewa-rteLine\">Dejar almacenada la bater\u00eda entre el 40 y 90% de carga.<\/div>\n<div class=\"ewa-rteLine\">Velocidad de autodescarga: 8% mensual.<\/div>\n<div class=\"ewa-rteLine\">Componentes:<\/div>\n<div class=\"ewa-rteLine\">Composici\u00f3n qu\u00edmica: Li-ion (Ion de litio).<\/div>\n<div class=\"ewa-rteLine\">Electrodo positivo.<\/div>\n<div class=\"ewa-rteLine\">Electrodo negativo.<\/div>\n<div class=\"ewa-rteLine\">Soluci\u00f3n electrol\u00edtica.<\/div>\n<div><\/div>\n<div><strong>COMPATIBILIDAD:<\/strong><\/div>\n<div><\/div>\n<div><strong>Biocare:<\/strong><br \/>\n\u2022 PM900.<br \/>\n\u2022 PM900S.<br \/>\n\u2022 4S2P18650.<\/div>\n<p><strong>TIPO DE USO:<\/strong>\u00a0Recargable.<\/p>\n<p><strong>SERVICIOS DONDE SE UTILIZA:<\/strong>\u00a0Urgencias, Cuidados intensivos UCI, Cuidados especiales UCE, Hospitalizaci\u00f3n, Salas de cirug\u00eda, Salas de Parto.<\/p>\n","protected":false},"excerpt":{"rendered":"<p>Bater\u00eda 14.8V 5200mAh, LI-ION, compatible con Biocare PM900, PM900S, 4S2P18650. Marca Battermed.<\/p>\n","protected":false},"featured_media":3651,"comment_status":"open","ping_status":"closed","template":"","meta":[],"product_cat":[114,110],"product_tag":[],"acf":[],"aioseo_notices":[],"_links":{"self":[{"href":"https:\/\/biomedicals.com.co\/index.php\/wp-json\/wp\/v2\/product\/3650"}],"collection":[{"href":"https:\/\/biomedicals.com.co\/index.php\/wp-json\/wp\/v2\/product"}],"about":[{"href":"https:\/\/biomedicals.com.co\/index.php\/wp-json\/wp\/v2\/types\/product"}],"replies":[{"embeddable":true,"href":"https:\/\/biomedicals.com.co\/index.php\/wp-json\/wp\/v2\/comments?post=3650"}],"wp:featuredmedia":[{"embeddable":true,"href":"https:\/\/biomedicals.com.co\/index.php\/wp-json\/wp\/v2\/media\/3651"}],"wp:attachment":[{"href":"https:\/\/biomedicals.com.co\/index.php\/wp-json\/wp\/v2\/media?parent=3650"}],"wp:term":[{"taxonomy":"product_cat","embeddable":true,"href":"https:\/\/biomedicals.com.co\/index.php\/wp-json\/wp\/v2\/product_cat?post=3650"},{"taxonomy":"product_tag","embeddable":true,"href":"https:\/\/biomedicals.com.co\/index.php\/wp-json\/wp\/v2\/product_tag?post=3650"}],"curies":[{"name":"wp","href":"https:\/\/api.w.org\/{rel}","templated":true}]}}