{"id":4266,"date":"2023-10-05T11:44:40","date_gmt":"2023-10-05T16:44:40","guid":{"rendered":"https:\/\/biomedicals.com.co\/?post_type=product&#038;p=4266"},"modified":"2023-10-05T11:51:26","modified_gmt":"2023-10-05T16:51:26","slug":"camilla-mesa-ginecologa-con-gabinetes","status":"publish","type":"product","link":"https:\/\/biomedicals.com.co\/index.php\/producto\/camilla-mesa-ginecologa-con-gabinetes\/","title":{"rendered":"CAMILLA \/ MESA GINEC\u00d3LOGA CON GABINETES"},"content":{"rendered":"<p><strong>Caracter\u00edsticas:\u00a0<\/strong><\/p>\n<ul>\n<li>Estructura tubular met\u00e1lica cold-rolled<\/li>\n<li>Cubierta dividida en tres secciones<\/li>\n<li>Tapizadas en cuerotex de alta Resistencia. Variedad de colores<\/li>\n<li>Espuma rosada de 5cm<\/li>\n<li>Cabecero accionado por manijas<\/li>\n<li>Atril porta sueros cromado<\/li>\n<li>Bandeja en acero inoxidable<\/li>\n<li>Pierneras met\u00e1licas<\/li>\n<li>Acabado general en pintura polvo electrost\u00e1tica<\/li>\n<li>Color: Almendra o blanco<\/li>\n<li>Dim. 1.80m largo x 0.55m ancho x 0.80m alto<\/li>\n<\/ul>\n","protected":false},"excerpt":{"rendered":"<p>Equipo mec\u00e1nico que se utiliza para descanso y revisi\u00f3n del paciente ginecol\u00f3gico, con accesorios y facilidades para abordaje de los especialistas m\u00e9dicos<\/p>\n","protected":false},"featured_media":4267,"comment_status":"open","ping_status":"closed","template":"","meta":[],"product_cat":[125],"product_tag":[],"acf":[],"aioseo_notices":[],"_links":{"self":[{"href":"https:\/\/biomedicals.com.co\/index.php\/wp-json\/wp\/v2\/product\/4266"}],"collection":[{"href":"https:\/\/biomedicals.com.co\/index.php\/wp-json\/wp\/v2\/product"}],"about":[{"href":"https:\/\/biomedicals.com.co\/index.php\/wp-json\/wp\/v2\/types\/product"}],"replies":[{"embeddable":true,"href":"https:\/\/biomedicals.com.co\/index.php\/wp-json\/wp\/v2\/comments?post=4266"}],"wp:featuredmedia":[{"embeddable":true,"href":"https:\/\/biomedicals.com.co\/index.php\/wp-json\/wp\/v2\/media\/4267"}],"wp:attachment":[{"href":"https:\/\/biomedicals.com.co\/index.php\/wp-json\/wp\/v2\/media?parent=4266"}],"wp:term":[{"taxonomy":"product_cat","embeddable":true,"href":"https:\/\/biomedicals.com.co\/index.php\/wp-json\/wp\/v2\/product_cat?post=4266"},{"taxonomy":"product_tag","embeddable":true,"href":"https:\/\/biomedicals.com.co\/index.php\/wp-json\/wp\/v2\/product_tag?post=4266"}],"curies":[{"name":"wp","href":"https:\/\/api.w.org\/{rel}","templated":true}]}}